*3 - 5765*j**2 - 686*j - 2718. Determine i(-339).
-6
Let a(v) = 19*v**3 - 34*v**2 - v + 14. What is a(2)?
28
Let g(u) = u**3 + 172*u**2 - 1900*u - 354134. Give g(-171).
7
Let o(b) = -4*b**3 + 28*b**2 - 326*b + 1896. Determine o(6).
84
Let n(w) = -30*w - 715. Calculate n(-11).
-385
Let q(y) = -127*y - 7016. Determine q(-55).
-31
Let j(k) = 46*k**2 + 174*k - 49. What is j(-6)?
563
Let m(d) = d**3 - 19*d**2 - 43*d + 156. What is m(20)?
-304
Let q(d) = d**3 + 33*d**2 + 1076*d - 3552. Determine q(3).
0
Let j(y) = 2684678*y - 29531453. Calculate j(11).
5
Let j(u) = -u**3 - 11*u**2 - 39*u + 36. Give j(-13).
881
Let o(c) = -21*c**3 - 61*c**2 - 179*c + 241. What is o(1)?
-20
Let f(w) = -3*w**3 + 13*w**2 + 14*w - 75. Give f(-9).
3039
Let r(y) = 8*y**2 + 678*y - 8918. Determine r(13).
1248
Let j(d) = -d**3 - 13*d**2 - 35*d - 260. What is j(-12)?
16
Let b(u) = 269*u**2 + 2988*u + 106. Determine b(-11).
-213
Let h(m) = -31*m**2 + 631*m + 1056. Give h(22).
-66
Let a(x) = -25*x - 345. Determine a(46).
-1495
Let u(f) = f**2 + 165*f + 673. What is u(-158)?
-433
Let z(b) = -103*b + 4688. What is z(41)?
465
Let g(o) = o**2 + 15209*o - 213143. Calculate g(14).
-21
Let j(n) = -579*n + 7. Give j(-2).
1165
Let b(r) = -30*r**2 + 642*r + 585. What is b(22)?
189
Let h(v) = v**2 + 10319*v + 2063489. What is h(-204)?
29
Let m(q) = q**3 + 99*q**2 - 315*q - 21308. What is m(-100)?
192
Let a(o) = o**3 - 132*o**2 + 372*o + 2450. Give a(129).
515
Let a(i) = -2*i**2 - 205*i + 131768. What is a(-313)?
-5
Let b(g) = -9*g**3 - 258*g**2 - 513*g - 5. Determine b(-2).
61
Let g(w) = -12*w**2 + 2357*w - 2225. Calculate g(195).
1090
Let v(q) = q**2 - 4*q - 660. Determine v(-26).
120
Let i(u) = 314*u**2 + 1391*u - 2978. Determine i(-6).
-20
Let f(h) = 3*h**3 - 16*h**2 - 100*h - 48. Give f(11).
909
Let h(t) = 42*t + 4303. Give h(-63).
1657
Let r(s) = 2489*s - 44740. Determine r(18).
62
Let d(p) = 1697*p - 69634. Calculate d(41).
-57
Let g(h) = -h**2 - 224*h - 6072. Calculate g(-29).
-417
Let f(a) = a**3 + 154*a**2 - 677*a - 7218. Determine f(-158).
-108
Let m(c) = -913*c - 274852. Determine m(-301).
-39
Let o(n) = 33*n**2 + 1848*n - 427. Give o(-55).
-2242
Let k(l) = 77*l**2 + 344*l + 2678. Calculate k(-7).
4043
Let q(g) = 4*g**2 + 553*g + 11413. What is q(-113)?
0
Let t(c) = 13*c**3 + 226*c**2 + 227*c + 1. Calculate t(-1).
-13
Let k(c) = -1062993*c + 5314990. Give k(5).
25
Let y(h) = -392*h + 14232. Give y(37).
-272
Let u(q) = -2*q**3 - 14*q**2 + 562*q + 4385. Determine u(-8).
17
Let l(x) = 1413*x - 36909. What is l(26)?
-171
Let v(d) = -2899*d + 78310. Give v(27).
37
Let b(g) = 4171*g + 96018. Calculate b(-23).
85
Let w(p) = 83*p + 9574. What is w(-121)?
-469
Let y(s) = -s**3 - 130*s**2 - 9*s - 1596. Give y(-130).
-426
Let b(y) = 65*y**2 + 27107*y - 26332. Determine b(-418).
2
Let s(b) = -13714*b + 384072. Determine s(28).
80
Let l(h) = h**3 - 33*h**2 + 253*h - 267. Calculate l(7).
230
Let h(d) = 12568*d - 3054026. Give h(243).
-2
Let q(o) = 175*o**2 - 1133*o + 79. Calculate q(6).
-419
Let l(a) = 156*a + 7443. Calculate l(-45).
423
Let c(g) = -3*g**3 + 364*g**2 + 606*g + 38. Give c(123).
-1069
Let p(z) = -z**2 - 1742*z - 156473. Give p(-95).
-8
Let d(r) = -r**3 - 95*r**2 + 95*r + 761. What is d(-96)?
857
Let x(q) = -57*q - 2729. Calculate x(-46).
-107
Let c(o) = -6*o**2 - 2110*o + 10529. Determine c(5).
-171
Let l(r) = -241*r**3 - 45*r**2 - 180*r - 135. What is l(-1)?
241
Let a(y) = -y**3 - 11*y**2 + 226*y + 124. Give a(11).
-52
Let c(k) = k**3 + 50*k**2 + 213*k - 417. Give c(-45).
123
Let k(l) = -3*l**2 + 772*l - 18583. Determine k(27).
74
Let r(n) = -455075*n - 1365263. What is r(-3)?
-38
Let d(c) = 7*c**2 + 577*c + 7063. What is d(-15)?
-17
Let i(u) = -17205*u - 34416. What is i(-2)?
-6
Let f(w) = w**3 - 51*w**2 + 1403*w - 67677. What is f(50)?
-27
Let h(k) = 2*k**3 + 354*k**2 + 1778*k + 2150. Determine h(-2).
-6
Let j(o) = -293036*o + 1758321. What is j(6)?
105
Let m(l) = -2841717*l + 2841737. Calculate m(1).
20
Let j(u) = -u**2 + 8814*u + 1299065. What is j(-145)?
10
Let m(r) = -4*r**2 - 664*r - 1301. Determine m(-164).
11
Let s(d) = -19385*d - 135268. Give s(-7).
427
Let i(d) = 7*d**2 + 198*d - 284. Give i(-22).
-1252
Let h(w) = -w**3 - 12*w**2 + 175*w - 613. Give h(13).
-2563
Let o(h) = 317161*h + 26958692. Determine o(-85).
7
Let s(w) = -785654*w + 16498737. What is s(21)?
3
Let g(y) = -y**3 - 5*y**2 - 4*y - 75. Determine g(-8).
149
Let h(i) = -i**3 + 239*i**2 - 3149*i - 2. Determine h(14).
12
Let z(c) = -553*c - 14164. Calculate z(-26).
214
Let i(h) = -35*h**2 - 400*h - 449. Give i(-11).
-284
Let m(z) = 2610*z + 407527. Give m(-156).
367
Let c(t) = t**2 + 1194*t + 145106. Give c(-137).
297
Let x(z) = -12*z**3 + 251*z**2 - 1177*z + 216. Calculate x(14).
6
Let v(p) = 3*p**3 - 2*p**2 + 24*p - 53. Determine v(3).
82
Let m(p) = 1170*p + 3027. Determine m(-3).
-483
Let b(c) = 3*c**3 + 90*c**2 - 300*c - 10562. Determine b(-29).
661
Let n(y) = -y**3 - 61*y**2 - 376*y - 5261. Give n(-56).
115
Let l(y) = -14*y**2 - 4441*y - 174658. What is l(-46)?
4
Let l(i) = -9*i**2 - 626*i - 3306. Give l(-67).
-1765
Let j(x) = x**3 - 46*x**2 + 101*x - 526. Calculate j(44).
46
Let x(z) = z**3 + 323*z**2 + 25460*z - 12947. What is x(-185)?
3
Let l(w) = -6*w**2 - 689*w - 2715. Give l(-4).
-55
Let i(c) = -2*c**3 - 126*c**2 + 1459*c - 105. Calculate i(-73).
-32
Let k(a) = -2*a**3 - 16*a**2 + 4*a + 82. Give k(-7).
-44
Let b(m) = -25*m + 6354. What is b(253)?
29
Let p(i) = 30294*i - 120365. Determine p(4).
811
Let k(c) = -1341*c - 10553. Give k(-8).
175
Let t(d) = -267*d**2 - 1216*d - 1214. What is t(-1)?
-265
Let v(o) = 8*o**3 - 21*o**2 - 1973*o - 1951. Determine v(-1).
-7
Let c(a) = -374*a + 1662. Give c(0).
1662
Let x(o) = -o**3 - 83*o**2 - 293*o + 845. Give x(-79).
-972
Let l(r) = 2*r**3 + 535*r**2 - 2517*r - 18764. What is l(-272)?
4
Let l(g) = -1344*g - 123600. Calculate l(-92).
48
Let m(k) = -4*k**2 - 291*k + 2643. Determine m(-81).
-30
Let l(b) = -120*b - 16522. Calculate l(-138).
38
Let m(b) = 270*b**2 + 3959*b + 22. Determine m(-15).
1387
Let u(v) = v**3 + 116*v**2 - 113*v - 3405. What is u(-117)?
-3873
Let t(k) = k**3 - 25*k**2 + 122*k - 157. Determine t(4).
-5
Let f(m) = 57*m**3 - 857*m**2 + 45*m - 53. What is f(15)?
172
Let m(q) = -6027*q - 3706594. What is m(-615)?
11
Let x(w) = -14*w**3 + 1208*w**2 - 346*w + 442. Give x(86).
270
Let g(j) = -j**3 - 308*j**2 + 312*j - 95405. What is g(-310)?
75
Let z(p) = 145*p**3 - 42*p**2 - 36*p + 7. Determine z(-1).
-144
Let y(k) = -k**2 - 40049*k + 280390. What is y(7)?
-2
Let t(l) = 21*l**2 + 1605*l - 92. What is t(-75)?
-2342
Let w(l) = l**3 - 2*l**2 - 124*l + 505. Calculate w(5).
-40
Let d(s) = -820*s**2 - 26283*s - 1399. Calculate d(-32).
-23
Let k(u) = 4*u**2 - 263*u - 15770. Determine k(-38).
0
Let m(v) = 1009*v + 14369. Determine m(-17).
-2784
Let y(k) = -231*k**2 - 517*k + 38031. Give y(-14).
-7
Let p(z) = -39*z**3 + 791*z**2 - 202*z - 101. What is p(20)?
259
Let h(b) = -7*b**2 - 23*b + 207. Give h(-7).
25
Let g(l) = 163*l**2 - 3107*l + 83. What is g(19)?
-107
Let p(y) = 3*y**3 + 25*y**2 + 148*y + 1079. Give p(-8).
-41
Let q(u) = u**2 + 718*u - 8761. Calculate q(12).
-1
Let v(b) = -b**3 + 147*b**2 - 2856*b + 103. Determine v(23).
11
Let y(c) = -9163*c + 769603. What is y(84)?
-89
Let i(g) = g**3 + 38*g**2 - 377*g + 35. What is i(7)?
-399
Let g(t) = 2*t**3 + 106*t**2 + 1287*t - 116. Determine g(-34).
54
Let p(s) = 3*s**2 + 87*s + 2375. What is p(-27)?
2213
Let d(l) = -l**3 + 42*l**2 - 148*l - 3474. Determine d(14).
-58
Let v(o) = 20493*o - 105851. Calculate v(5).
-3386
Let z(f) = -f**2 - 306348*f - 1838057. What is z(-6)?
-5
Let k(x) = 4*x**3 + 31*x**2 - 96*x - 74. Calculate k(-10).
-14
Let p(g) = 4649*g - 460266. Give p(99).
-15
Let r(i) = 1040*i + 44594. Calculate r(-42).
914
Let p(y) = -3218*y + 3449. What is p(1)?
231
Let p(m) = m**3 + 75*m**2 - 732*m + 1998. What is p(-84)?
-18
Let q(w) = -92125*w**2 - 2947998*w + 69. What is q(-32)?
5
Let l(s) = -87*s**2 - 1583*s - 6459. Calculate l(-12).
9
Let d(x) = 156*x**2 - 252*x + 12. Give d(0).
12
Let u(k) = 391691*k + 10967345. Calculate u(-28).
-3
Let g(d) = d**3 + 11*d**2 - d - 148. Give g(0).
-148
Let z(l) = 347*l - 70203. Calculate z(203).
238
Let s(f) = -3688*f + 48434. What is s(13)?
490
Let 